- 22 = -p*m + 6*t. What is the greatest common divisor of m and 6?
6
Let z be (1*(-2 + -5) - 2338)*(-12)/14. What is the highest common divisor of 60 and z?
30
Let f be -5*(2 - (2 + 1)) - 2. Suppose 101 + 67 = 2*l - f*b, 374 = 5*l + 4*b. Calculate the highest common factor of 6 and l.
6
Let g(b) = 263*b - 1051. Let p be g(4). Let j = -8 + 13. What is the highest common factor of j and p?
1
Let b(m) = m**3 - 12*m**2 + 29*m + 87. Let z be b(7). Let r = 1 - 7. Let n be 0 + r*(-9 - 1). Calculate the greatest common divisor of z and n.
15
Let v(q) = q**3 + 22*q**2 - 3*q + 4806. Let u be v(0). Calculate the highest common factor of 54 and u.
54
Let q(d) = -70*d - 357. Let x be q(-12). What is the highest common divisor of x and 253?
23
Let o = 29479 + -29414. What is the highest common factor of 265 and o?
5
Let s be (-67)/(-2) + (-3)/15*120/(-48). Calculate the highest common factor of s and 170.
34
Let z be (-806)/(-12) + 4/(-24). Suppose -74*b + 602 = -z*b. Calculate the greatest common factor of 43 and b.
43
Let i(s) be the second derivative of s**2 + 4/3*s**4 - 34*s + 0 - 1/2*s**3. Let t be i(1). Calculate the greatest common factor of t and 45.
15
Suppose 5*k - 26273 = -5*c + 6517, -c + 4*k + 6593 = 0. What is the highest common divisor of c and 130?
65
Let d(b) = 9*b - 11. Let m be d(5). Suppose -6*k + 0*k = -498. Suppose -18*g = -k - 223. What is the highest common factor of g and m?
17
Suppose 67*w + 7*w - 366201 = -7*w. What is the highest common factor of w and 66?
33
Let k be (-8)/(-2) + ((-60)/(-21))/((-7)/(-98)). What is the highest common divisor of k and 231?
11
Let f be ((-23712)/(-2))/6 - 9. Calculate the greatest common divisor of 7 and f.
7
Let p be (3 + (-39)/12)/((-1)/8). Calculate the greatest common divisor of 50 and p.
2
Let i = -2003 + 2063. Let w = -6 - -13. Suppose -5*k + 103 = -3*p, p = -3*k + 66 - w. What is the highest common factor of i and k?
20
Suppose 0 = n - 2*n + 8. Let o be (-412)/(-20) + (-10)/(-25). Suppose 26*z - o*z = 40. Calculate the highest common divisor of z and n.
8
Let a = -485 - -524. What is the greatest common factor of 13 and a?
13
Let l(n) be the third derivative of n**4/6 - 4*n**3 - 95*n**2 - 2*n. Let b = 41 + -29. Let w be l(b). What is the highest common factor of w and 96?
24
Let j be (22 + 6)/(8/136). Calculate the highest common factor of 28 and j.
28
Suppose 3*n - 2*m = 86, 4*n - m = 127 - 19. Suppose 5*g - 46 = -n. Let c = g + 19. What is the highest common divisor of 207 and c?
23
Suppose 6*j - 1857 = q, 0 = -j + 15*q - 16*q + 313. What is the greatest common factor of j and 12555?
155
Let k(v) = -v**2 + 10*v - 20. Let g be k(7). Suppose -29 = -5*a + g. Let t = a + 4. Calculate the greatest common divisor of 15 and t.
5
Let u(p) = -8 + 10*p + 105*p**2 - 202*p**2 + 102*p**2. Let j be u(-6). Calculate the highest common divisor of j and 16.
16
Suppose -17*n = -22*n + 165. Suppose -8 = -3*p - 2*f, 3*f - 6*f - n = -3*p. Calculate the greatest common divisor of p and 3.
3
Let o = 115 + -61. Let r(q) be the first derivative of -12*q**2 + 9*q + 20. Let z be r(-3). What is the greatest common factor of o and z?
27
Let m = -5621 + 5662. Calculate the greatest common factor of 779 and m.
41
Let f(j) = -44*j + 256. Let q be f(5). Calculate the highest common divisor of q and 192.
12
Let t = -84 - -22. Let s be 2/10 + (-3)/(-30)*t. Let m(k) = k + 17. Let q be m(s). What is the highest common divisor of q and 44?
11
Suppose 582*f = 354*f + 1140. Calculate the highest common factor of f and 5.
5
Let c = 7075 - 173. Calculate the greatest common divisor of c and 21.
7
Let v(m) = -2*m + 6. Let z be v(3). Suppose 122 = 3*p - 5*w, 20*p - 24*p - w + 178 = z. What is the highest common divisor of p and 341?
11
Suppose 79*q + 1232 = 36*q + 45*q. What is the greatest common divisor of 77 and q?
77
Suppose 4*g + 4*h = -g + 40, 3*h = 15. Let j = -2235 + 2253. Calculate the greatest common divisor of j and g.
2
Suppose 3*v - 2 = 6*v + 5*p, 4*v - 8 = 4*p. Calculate the highest common divisor of 27 and v.
1
Let j(f) = -f**2 - 69*f - 654. Let b be j(-12). Let l = 6 + -4. Calculate the greatest common divisor of l and b.
2
Suppose -d + 5*m + 426 = 0, -2423*m + 2026 = 5*d - 2422*m. What is the highest common divisor of d and 26187?
203
Let u = -212 - -214. Let j(b) = -b**2 + 12*b - 16. Let p be j(10). Calculate the highest common divisor of p and u.
2
Suppose 1057 = 4*b + 289. Let f be ((-30)/24)/((-2)/b). Calculate the highest common divisor of f and 30.
30
Let r be 16 - (-44)/10*10. Calculate the highest common divisor of 11820 and r.
60
Let f = 247 + -313. Let b be (-1837)/f - (-1)/6. What is the highest common divisor of 868 and b?
28
Suppose 6*v - 2536 + 502 = 0. Let b = 539 - v. Suppose 2*w + b = 3*c, -3*c + 0*w - 5*w + 235 = 0. Calculate the highest common factor of 28 and c.
14
Let z = -14756 - -14805. Calculate the highest common factor of 3283 and z.
49
Let x be (3 - 2)/((-36)/(-4356)). What is the greatest common factor of 572 and x?
11
Suppose -2*l - 5*d - 9 = 16, 5*l = 4*d + 53. Calculate the greatest common divisor of 8045 and l.
5
Suppose -4*h - p = -19, 5*p = 25 - 10. Suppose -10*z - 1068 = -h*l - 7*z, -4*l + 1088 = 2*z. What is the highest common factor of l and 10?
10
Let g be (-10)/3*72/(-60). Let r be 1/((g/(-4))/(-11)). Let c(o) = -5*o**3 + o**2 - o - 2. Let k be c(-2). What is the greatest common factor of r and k?
11
Suppose c + 9*v - 4*v = 16, -4*v = 2*c - 14. Let s be 14/(-60)*-6*c*10. Calculate the greatest common factor of 112 and s.
14
Let p(f) = f**2 - 5*f - 4. Let d be p(7). Let y = 78 - 73. Suppose d*z + y - 85 = 0. Calculate the highest common factor of 48 and z.
8
Let a = -535 - -545. What is the highest common factor of a and 32?
2
Let k = 86 + -84. Suppose -k*v = v - 1011. Suppose -v = -u - 3*u - o, 3*o = -9. Calculate the greatest common divisor of u and 34.
17
Suppose -6*m - 6072 = -75*m. What is the highest common divisor of 1485 and m?
11
Let z = 150 - 114. Suppose -j - 83 = -2*i, -i + j = -7 - z. Suppose 0 = r + 4*t + 11 - 95, -2*r = 2*t - 192. Calculate the highest common factor of r and i.
20
Suppose -4*x - 10 = -2*c, 5*x = 9*c - 10*c + 33. Let j = c - -32. What is the greatest common divisor of j and 6?
3
Let i = 31 - -24. Suppose 0*d = -d - 3, -i = a + d. Let c = -36 - a. Calculate the greatest common divisor of c and 16.
16
Let d = 254 + -10. Let c = d - 172. Let z = -26 + c. What is the highest common divisor of z and 69?
23
Suppose -63*i - 602 + 1736 = 0. What is the highest common divisor of i and 558?
18
Let h(x) = 1387*x + 138721. Let z be h(-100). Let w be (3/(-4))/((-2)/16). What is the highest common factor of z and w?
3
Let o(v) = 3*v + 2. Let j be o(1). Let n be (9 + 15/(-5))*j/2. Let t = 15 - 12. Calculate the highest common factor of n and t.
3
Let h = 36 + -13. Suppose -3*f + 0*f = d + h, -2*f = 2*d + 34. Let r = 79 + d. What is the highest common factor of r and 26?
13
Let j(r) = -9*r + 157. Let s be j(16). Suppose 4*p = s*p - 90. What is the highest common divisor of 7 and p?
1
Suppose 252 + 83 = 5*l. Suppose -l*i + 110 = -62*i. Calculate the highest common divisor of i and 2.
2
Suppose 4*h = -2*z + 28, 52*z + 4*h + 52 = 55*z. Let r be (3*6/(-12))/((-6)/80). Calculate the highest common factor of z and r.
4
Let x = 280 + 51. Suppose 330*i - x*i + 36 = 0. What is the highest common factor of i and 60?
12
Let o be (2/4)/(9/18). Let b be 4 + (-4 + 3 - o). Let p(y) = -y**3 + 12*y**2 + 111*y - 41. Let a be p(18). What is the greatest common factor of b and a?
1
Suppose 0 = -b + 2*v + 46, -2*v - 50 - 110 = -4*b. Suppose -n - 5*w + b + 30 = 0, w = -2*n + 172. Calculate the highest common factor of 110 and n.
22
Let w be -2*(-15)/(-25)*-140. Suppose 4*n = -4*n - w. Let j = n - -37. Calculate the greatest common factor of 128 and j.
16
Let p(h) = -2*h**3 - 21*h**2 - 36*h - 16. Let g be p(-12). What is the greatest common factor of 4 and g?
4
Let b(q) be the first derivative of q**3/3 - 9*q**2/2 - 4*q + 10. Let t be b(11). Let r be (0 - 12)/2*(-9)/t. Calculate the highest common divisor of r and 33.
3
Let b be (-1200)/(-35)*(-252)/(-18). Calculate the highest common divisor of b and 108.
12
Let t(r) = r**3 - 3*r**2 - 3*r - 1. Let l be t(4). Let a be (-5 - -4)*(-1